{"id":115,"date":"2022-10-04T18:49:55","date_gmt":"2022-10-04T18:49:55","guid":{"rendered":"https:\/\/twojaimprezka.pl\/?page_id=115"},"modified":"2023-01-17T13:41:28","modified_gmt":"2023-01-17T13:41:28","slug":"oferta","status":"publish","type":"page","link":"https:\/\/twojaimprezka.pl\/?page_id=115","title":{"rendered":"OFERTA"},"content":{"rendered":"<p>[et_pb_section fb_built=&#8221;1&#8243; _builder_version=&#8221;4.18.0&#8243; _module_preset=&#8221;default&#8221; width=&#8221;100%&#8221; global_colors_info=&#8221;{}&#8221;][et_pb_row _builder_version=&#8221;4.18.0&#8243; _module_preset=&#8221;default&#8221; background_color=&#8221;#FFFFFF&#8221; custom_padding=&#8221;||341px|||&#8221; ab_subject=&#8221;on&#8221; ab_subject_id=&#8221;1&#8243; global_colors_info=&#8221;{}&#8221;][et_pb_column type=&#8221;4_4&#8243; _builder_version=&#8221;4.18.0&#8243; _module_preset=&#8221;default&#8221; global_colors_info=&#8221;{}&#8221;][et_pb_text _builder_version=&#8221;4.18.0&#8243; _module_preset=&#8221;default&#8221; global_colors_info=&#8221;{}&#8221;]<\/p>\n<p>Nasza oferta profesjonalnej oprawy muzycznej imprez,\u00a0 zosta\u0142a specjalnie przygotowana dla Pa\u0144stwa w odpowiednim smaku i stylu. <br \/>Wybieraj\u0105c Twoj\u0105Imprezke.pl<strong>\u00a0<\/strong>do\u00a0<strong>obs\u0142ugi imprez okoliczno\u015bciowych<\/strong>, gwarantujemy doskona\u0142\u0105 zabaw\u0119 i atmosfer\u0119, niezale\u017cnie od miejsca i profilu publiczno\u015bci. Zapewniamy profesjonalny\u00a0sprz\u0119t \u00a0w postaci \u015bwietnego nag\u0142o\u015bnienia\u00a0i efektownego o\u015bwietlenia.<br \/>Do ka\u017cdego klienta podchodzimy indywidualnie, wszystko dlatego, \u017ce ka\u017cda impreza jest inna i wymaga innego podej\u015bcia, oraz wyczucia potrzeby klienta, ju\u017c na etapie wst\u0119pnej rozmowy.<br \/>Nasza oferta obs\u0142ugi muzycznej obejmuje\u00a0opraw\u0119 muzyczn\u0105 imprez<strong>\u00a0<\/strong>takich jak:<\/p>\n<ul>\n<li>przyj\u0119cia weselne,<\/li>\n<li>urodziny, imieniny, jubileusze,<\/li>\n<li>bale andrzejkowe,<\/li>\n<li>bale sylwestrowe,<\/li>\n<li>bale karnawa\u0142owe,<\/li>\n<li>imprezy firmowe, integracyjne,<\/li>\n<li>rocznice<br \/>itp.<\/li>\n<\/ul>\n<p><strong>Dlaczego warto nas wybra\u0107?<\/strong><\/p>\n<p>S\u0105 takie chwile w \u017cyciu cz\u0142owieka, gdzie chcemy celebrowa\u0107 wa\u017cn\u0105 chwil\u0119, organizuj\u0105c przy tym\u00a0<strong>imprez\u0119 okoliczno\u015bciow\u0105<\/strong>\u00a0dla rodziny, znajomych. Wtedy w\u0142a\u015bnie nasuwa si\u0119 pytanie, kto poprowadzi\u0142by tak\u0105 imprez\u0119 DJ, a mo\u017ce orkiestra? Odpowied\u017a jest jedna! TwojaImprezka.pl \u00a0<br \/>Ka\u017cda\u00a0<strong>impreza okoliczno\u015bciowa<\/strong>\u00a0prowadzona przez nas jest nieszablonowa, na wysokim poziomie i w pe\u0142ni kulturalnej atmosferze. Mamy spore do\u015bwiadczenie z mikrofonem, mowy s\u0105 przemy\u015blane bez podtekst\u00f3w erotycznych, seksualnych, politycznych, religijnych, ideologicznych itp., gwarantujemy, \u017ce organizuj\u0105cy nie b\u0119dzie mus<\/p>\n<p>Kolejnym atutem, kt\u00f3ry odgrywa istotn\u0105 rol\u0119 to repertuar muzyczny. Posiadamy bogaty repertuar muzyczny w swojej kolekcji.\u00a0<strong>Oprawa muzyczna imprez<\/strong>\u00a0sk\u0142ada si\u0119 z mocno wyselekcjonowanych hit\u00f3w z lat 60, 70, 80, 90, Disco Polo, Disco Dane, Rock\u2019And\u2019Roll, Polskie Przeboje a\u017c po muzyk\u0119 wsp\u00f3\u0142czesn\u0105. <br \/>Do ka\u017cdej imprezy dobieramy repertuar tak, aby by\u0142 zawsze odpowiedni do\u00a0<strong>imprezy okoliczno\u015bciowej<\/strong>. Jeste\u015bmy elastyczni, nie gramy pod siebie, tylko dla ludzi.<\/p>\n<p>Dopasowujemy si\u0119 do potrzeb klienta!<\/p>\n<p>[\/et_pb_text][\/et_pb_column][\/et_pb_row][et_pb_row _builder_version=&#8221;4.18.0&#8243; _module_preset=&#8221;default&#8221; ab_subject=&#8221;on&#8221; ab_subject_id=&#8221;3&#8243; global_colors_info=&#8221;{}&#8221;][et_pb_column type=&#8221;4_4&#8243; _builder_version=&#8221;4.18.0&#8243; _module_preset=&#8221;default&#8221; global_colors_info=&#8221;{}&#8221;][et_pb_text _builder_version=&#8221;4.18.0&#8243; _module_preset=&#8221;default&#8221; global_colors_info=&#8221;{}&#8221;]<\/p>\n<p>Nasza oferta\u00a0profesjonalnej oprawy muzycznej imprez\u00a0 zosta\u0142a specjalnie przygotowana dla Pa\u0144stwa w odpowiednim smaku i stylu. Wybieraj\u0105c Twoj\u0105Imprezke.pl<strong>\u00a0<\/strong>do\u00a0<strong>obs\u0142ugi imprez okoliczno\u015bciowych<\/strong>, gwarantujemy doskona\u0142\u0105 zabaw\u0119 i atmosfer\u0119, niezale\u017cnie od miejsca i profilu publiczno\u015bci. Zapewniamy profesjonalny\u00a0sprz\u0119t \u00a0w postaci \u015bwietnego nag\u0142o\u015bnienia\u00a0i efektownego o\u015bwietlenia.<br \/>Do ka\u017cdego klienta podchodzimy indywidualnie, wszystko dlatego, \u017ce ka\u017cda impreza jest inna i wymaga innego podej\u015bcia, oraz wyczucia potrzeby klienta, ju\u017c na etapie wst\u0119pnej rozmowy.<br \/>Nasza oferta obs\u0142ugi muzycznej obejmuje\u00a0opraw\u0119 muzyczn\u0105 imprez<strong>\u00a0<\/strong>takich jak:<\/p>\n<ul>\n<li>przyj\u0119cia weselne,<\/li>\n<li>urodziny, imieniny, jubileusze,<\/li>\n<li>bale andrzejkowe,<\/li>\n<li>bale sylwestrowe,<\/li>\n<li>bale karnawa\u0142owe,<\/li>\n<li>imprezy firmowe, integracyjne,<\/li>\n<li>rocznice<br \/>itp.\u00a0<\/li>\n<\/ul>\n<p>&nbsp;<\/p>\n<p>&nbsp;<\/p>\n<p><span style=\"text-decoration: underline;\"><strong>Dlaczego warto nas wybra\u0107?<\/strong><\/span><\/p>\n<p>[\/et_pb_text][\/et_pb_column][\/et_pb_row][et_pb_row _builder_version=&#8221;4.18.0&#8243; _module_preset=&#8221;default&#8221; ab_subject=&#8221;on&#8221; ab_subject_id=&#8221;2&#8243; global_colors_info=&#8221;{}&#8221;][et_pb_column type=&#8221;4_4&#8243; _builder_version=&#8221;4.18.0&#8243; _module_preset=&#8221;default&#8221; global_colors_info=&#8221;{}&#8221;][et_pb_text _builder_version=&#8221;4.18.0&#8243; _module_preset=&#8221;default&#8221; global_colors_info=&#8221;{}&#8221;]<\/p>\n<p>Nasza oferta\u00a0profesjonalnej oprawy muzycznej imprez\u00a0 zosta\u0142a specjalnie przygotowana dla Pa\u0144stwa w odpowiednim smaku i stylu. Wybieraj\u0105c Twoj\u0105Imprezke.pl<strong>\u00a0<\/strong>do\u00a0<strong>obs\u0142ugi imprez okoliczno\u015bciowych<\/strong>, gwarantujemy doskona\u0142\u0105 zabaw\u0119 i atmosfer\u0119, niezale\u017cnie od miejsca i profilu publiczno\u015bci. Zapewniamy profesjonalny\u00a0sprz\u0119t \u00a0w postaci \u015bwietnego nag\u0142o\u015bnienia\u00a0i efektownego o\u015bwietlenia.<br \/>Do ka\u017cdego klienta podchodzimy indywidualnie, wszystko dlatego, \u017ce ka\u017cda impreza jest inna i wymaga innego podej\u015bcia, oraz wyczucia potrzeby klienta, ju\u017c na etapie wst\u0119pnej rozmowy.<br \/>Nasza oferta obs\u0142ugi muzycznej obejmuje\u00a0opraw\u0119 muzyczn\u0105 imprez<strong>\u00a0<\/strong>takich jak:<\/p>\n<ul>\n<li>przyj\u0119cia weselne,<\/li>\n<li>urodziny, imieniny, jubileusze,<\/li>\n<li>bale andrzejkowe,<\/li>\n<li>bale sylwestrowe,<\/li>\n<li>bale karnawa\u0142owe,<\/li>\n<li>imprezy firmowe, integracyjne,<\/li>\n<li>rocznice<br \/>itp.\u00a0<\/li>\n<\/ul>\n<p>&nbsp;<\/p>\n<p>&nbsp;<\/p>\n<p><span style=\"text-decoration: underline;\"><strong>Dlaczego warto nas wybra\u0107?<\/strong><\/span><\/p>\n<p>[\/et_pb_text][\/et_pb_column][\/et_pb_row][\/et_pb_section]<\/p>\n","protected":false},"excerpt":{"rendered":"<p>Nasza oferta profesjonalnej oprawy muzycznej imprez,\u00a0 zosta\u0142a specjalnie przygotowana dla Pa\u0144stwa w odpowiednim smaku i stylu. Wybieraj\u0105c Twoj\u0105Imprezke.pl\u00a0do\u00a0obs\u0142ugi imprez okoliczno\u015bciowych, gwarantujemy doskona\u0142\u0105 zabaw\u0119 i atmosfer\u0119, niezale\u017cnie od miejsca i profilu publiczno\u015bci. Zapewniamy profesjonalny\u00a0sprz\u0119t \u00a0w postaci \u015bwietnego nag\u0142o\u015bnienia\u00a0i efektownego o\u015bwietlenia.Do ka\u017cdego klienta podchodzimy indywidualnie, wszystko dlatego, \u017ce ka\u017cda impreza jest inna i wymaga innego podej\u015bcia, oraz [&hellip;]<\/p>\n","protected":false},"author":1,"featured_media":0,"parent":0,"menu_order":0,"comment_status":"closed","ping_status":"closed","template":"","meta":{"_et_pb_use_builder":"on","_et_pb_old_content":"","_et_gb_content_width":""},"_links":{"self":[{"href":"https:\/\/twojaimprezka.pl\/index.php?rest_route=\/wp\/v2\/pages\/115"}],"collection":[{"href":"https:\/\/twojaimprezka.pl\/index.php?rest_route=\/wp\/v2\/pages"}],"about":[{"href":"https:\/\/twojaimprezka.pl\/index.php?rest_route=\/wp\/v2\/types\/page"}],"author":[{"embeddable":true,"href":"https:\/\/twojaimprezka.pl\/index.php?rest_route=\/wp\/v2\/users\/1"}],"replies":[{"embeddable":true,"href":"https:\/\/twojaimprezka.pl\/index.php?rest_route=%2Fwp%2Fv2%2Fcomments&post=115"}],"version-history":[{"count":9,"href":"https:\/\/twojaimprezka.pl\/index.php?rest_route=\/wp\/v2\/pages\/115\/revisions"}],"predecessor-version":[{"id":207,"href":"https:\/\/twojaimprezka.pl\/index.php?rest_route=\/wp\/v2\/pages\/115\/revisions\/207"}],"wp:attachment":[{"href":"https:\/\/twojaimprezka.pl\/index.php?rest_route=%2Fwp%2Fv2%2Fmedia&parent=115"}],"curies":[{"name":"wp","href":"https:\/\/api.w.org\/{rel}","templated":true}]}}